{"id":4655,"date":"2024-03-06T17:03:50","date_gmt":"2024-03-06T16:03:50","guid":{"rendered":"http:\/\/wiegel.de\/?page_id=4655"},"modified":"2025-04-23T14:08:38","modified_gmt":"2025-04-23T12:08:38","slug":"cisteni-odpadniho-vzduchu-z-linky-pro-predupravu","status":"publish","type":"page","link":"https:\/\/wiegel.de\/cs\/ochrana-zivotniho-prostredi-a-udrzitelnost\/cisteni-odpadniho-vzduchu-z-linky-pro-predupravu\/","title":{"rendered":"\u010ci\u0161t\u011bn\u00ed odpadn\u00edho vzduchu z linky pro p\u0159ed\u00fapravu"},"content":{"rendered":"","protected":false},"excerpt":{"rendered":"","protected":false},"author":15,"featured_media":0,"parent":4665,"menu_order":0,"comment_status":"closed","ping_status":"closed","template":"","meta":{"_acf_changed":false,"_relevanssi_hide_post":"","_relevanssi_hide_content":"","_relevanssi_pin_for_all":"","_relevanssi_pin_keywords":"","_relevanssi_unpin_keywords":"","_relevanssi_related_keywords":"","_relevanssi_related_include_ids":"","_relevanssi_related_exclude_ids":"","_relevanssi_related_no_append":"","_relevanssi_related_not_related":"","_relevanssi_related_posts":"","_relevanssi_noindex_reason":"","footnotes":""},"class_list":["post-4655","page","type-page","status-publish","hentry"],"acf":[],"yoast_head":"<!-- This site is optimized with the Yoast SEO Premium plugin v27.4 (Yoast SEO v27.4) - https:\/\/yoast.com\/product\/yoast-seo-premium-wordpress\/ -->\n<title>\u010ci\u0161t\u011bn\u00ed odpadn\u00edho vzduchu z linky pro p\u0159ed\u00fapravu - WIEGEL<\/title>\n<meta name=\"description\" content=\"WIEGEL vyu\u017e\u00edv\u00e1 efektivn\u00ed syst\u00e9my na \u010di\u0161t\u011bn\u00ed odpadn\u00edho vzduchu z p\u0159ed\u00fapravn\u00ed linky \u2013 ekologick\u00e9, certifikovan\u00e9 a energeticky \u00fasporn\u00e9 \u0159e\u0161en\u00ed pro udr\u017eitelnou v\u00fdrobu.\" \/>\n<meta name=\"robots\" content=\"index, follow, max-snippet:-1, max-image-preview:large, max-video-preview:-1\" \/>\n<link rel=\"canonical\" href=\"https:\/\/wiegel.de\/cs\/ochrana-zivotniho-prostredi-a-udrzitelnost\/cisteni-odpadniho-vzduchu-z-linky-pro-predupravu\/\" \/>\n<meta property=\"og:locale\" content=\"cs_CZ\" \/>\n<meta property=\"og:type\" content=\"article\" \/>\n<meta property=\"og:title\" content=\"\u010ci\u0161t\u011bn\u00ed odpadn\u00edho vzduchu z linky pro p\u0159ed\u00fapravu\" \/>\n<meta property=\"og:description\" content=\"WIEGEL vyu\u017e\u00edv\u00e1 efektivn\u00ed syst\u00e9my na \u010di\u0161t\u011bn\u00ed odpadn\u00edho vzduchu z p\u0159ed\u00fapravn\u00ed linky \u2013 ekologick\u00e9, certifikovan\u00e9 a energeticky \u00fasporn\u00e9 \u0159e\u0161en\u00ed pro udr\u017eitelnou v\u00fdrobu.\" \/>\n<meta property=\"og:url\" content=\"https:\/\/wiegel.de\/cs\/ochrana-zivotniho-prostredi-a-udrzitelnost\/cisteni-odpadniho-vzduchu-z-linky-pro-predupravu\/\" \/>\n<meta property=\"og:site_name\" content=\"WIEGEL\" \/>\n<meta property=\"article:modified_time\" content=\"2025-04-23T12:08:38+00:00\" \/>\n<meta property=\"og:image\" content=\"https:\/\/wiegel.de\/wp-content\/uploads\/2024\/04\/csm_wgl_Zivotniho_LinkyProPredupravu_1_c9490d37a7-150x150.png\" \/>\n<meta name=\"twitter:card\" content=\"summary_large_image\" \/>\n<script type=\"application\/ld+json\" class=\"yoast-schema-graph\">{\"@context\":\"https:\\\/\\\/schema.org\",\"@graph\":[{\"@type\":\"WebPage\",\"@id\":\"https:\\\/\\\/wiegel.de\\\/cs\\\/ochrana-zivotniho-prostredi-a-udrzitelnost\\\/cisteni-odpadniho-vzduchu-z-linky-pro-predupravu\\\/\",\"url\":\"https:\\\/\\\/wiegel.de\\\/cs\\\/ochrana-zivotniho-prostredi-a-udrzitelnost\\\/cisteni-odpadniho-vzduchu-z-linky-pro-predupravu\\\/\",\"name\":\"\u010ci\u0161t\u011bn\u00ed odpadn\u00edho vzduchu z linky pro p\u0159ed\u00fapravu - WIEGEL\",\"isPartOf\":{\"@id\":\"https:\\\/\\\/wiegel.de\\\/#website\"},\"datePublished\":\"2024-03-06T16:03:50+00:00\",\"dateModified\":\"2025-04-23T12:08:38+00:00\",\"description\":\"WIEGEL vyu\u017e\u00edv\u00e1 efektivn\u00ed syst\u00e9my na \u010di\u0161t\u011bn\u00ed odpadn\u00edho vzduchu z p\u0159ed\u00fapravn\u00ed linky \u2013 ekologick\u00e9, certifikovan\u00e9 a energeticky \u00fasporn\u00e9 \u0159e\u0161en\u00ed pro udr\u017eitelnou v\u00fdrobu.\",\"breadcrumb\":{\"@id\":\"https:\\\/\\\/wiegel.de\\\/cs\\\/ochrana-zivotniho-prostredi-a-udrzitelnost\\\/cisteni-odpadniho-vzduchu-z-linky-pro-predupravu\\\/#breadcrumb\"},\"inLanguage\":\"cs\",\"potentialAction\":[{\"@type\":\"ReadAction\",\"target\":[\"https:\\\/\\\/wiegel.de\\\/cs\\\/ochrana-zivotniho-prostredi-a-udrzitelnost\\\/cisteni-odpadniho-vzduchu-z-linky-pro-predupravu\\\/\"]}]},{\"@type\":\"BreadcrumbList\",\"@id\":\"https:\\\/\\\/wiegel.de\\\/cs\\\/ochrana-zivotniho-prostredi-a-udrzitelnost\\\/cisteni-odpadniho-vzduchu-z-linky-pro-predupravu\\\/#breadcrumb\",\"itemListElement\":[{\"@type\":\"ListItem\",\"position\":1,\"name\":\"Start\",\"item\":\"https:\\\/\\\/wiegel.de\\\/cs\\\/\"},{\"@type\":\"ListItem\",\"position\":2,\"name\":\"Ochrana \u017eivotn\u00edho prost\u0159ed\u00ed a udr\u017eitelnost\",\"item\":\"https:\\\/\\\/wiegel.de\\\/cs\\\/ochrana-zivotniho-prostredi-a-udrzitelnost\\\/\"},{\"@type\":\"ListItem\",\"position\":3,\"name\":\"\u010ci\u0161t\u011bn\u00ed odpadn\u00edho vzduchu z linky pro p\u0159ed\u00fapravu\"}]},{\"@type\":\"WebSite\",\"@id\":\"https:\\\/\\\/wiegel.de\\\/#website\",\"url\":\"https:\\\/\\\/wiegel.de\\\/\",\"name\":\"WIEGEL\",\"description\":\"Feuerverzinken, Beschichten, Gittermastbau, Telekommunikation\",\"potentialAction\":[{\"@type\":\"SearchAction\",\"target\":{\"@type\":\"EntryPoint\",\"urlTemplate\":\"https:\\\/\\\/wiegel.de\\\/?s={search_term_string}\"},\"query-input\":{\"@type\":\"PropertyValueSpecification\",\"valueRequired\":true,\"valueName\":\"search_term_string\"}}],\"inLanguage\":\"cs\"}]}<\/script>\n<!-- \/ Yoast SEO Premium plugin. -->","yoast_head_json":{"title":"\u010ci\u0161t\u011bn\u00ed odpadn\u00edho vzduchu z linky pro p\u0159ed\u00fapravu - WIEGEL","description":"WIEGEL vyu\u017e\u00edv\u00e1 efektivn\u00ed syst\u00e9my na \u010di\u0161t\u011bn\u00ed odpadn\u00edho vzduchu z p\u0159ed\u00fapravn\u00ed linky \u2013 ekologick\u00e9, certifikovan\u00e9 a energeticky \u00fasporn\u00e9 \u0159e\u0161en\u00ed pro udr\u017eitelnou v\u00fdrobu.","robots":{"index":"index","follow":"follow","max-snippet":"max-snippet:-1","max-image-preview":"max-image-preview:large","max-video-preview":"max-video-preview:-1"},"canonical":"https:\/\/wiegel.de\/cs\/ochrana-zivotniho-prostredi-a-udrzitelnost\/cisteni-odpadniho-vzduchu-z-linky-pro-predupravu\/","og_locale":"cs_CZ","og_type":"article","og_title":"\u010ci\u0161t\u011bn\u00ed odpadn\u00edho vzduchu z linky pro p\u0159ed\u00fapravu","og_description":"WIEGEL vyu\u017e\u00edv\u00e1 efektivn\u00ed syst\u00e9my na \u010di\u0161t\u011bn\u00ed odpadn\u00edho vzduchu z p\u0159ed\u00fapravn\u00ed linky \u2013 ekologick\u00e9, certifikovan\u00e9 a energeticky \u00fasporn\u00e9 \u0159e\u0161en\u00ed pro udr\u017eitelnou v\u00fdrobu.","og_url":"https:\/\/wiegel.de\/cs\/ochrana-zivotniho-prostredi-a-udrzitelnost\/cisteni-odpadniho-vzduchu-z-linky-pro-predupravu\/","og_site_name":"WIEGEL","article_modified_time":"2025-04-23T12:08:38+00:00","og_image":[{"url":"https:\/\/wiegel.de\/wp-content\/uploads\/2024\/04\/csm_wgl_Zivotniho_LinkyProPredupravu_1_c9490d37a7-150x150.png","type":"","width":"","height":""}],"twitter_card":"summary_large_image","schema":{"@context":"https:\/\/schema.org","@graph":[{"@type":"WebPage","@id":"https:\/\/wiegel.de\/cs\/ochrana-zivotniho-prostredi-a-udrzitelnost\/cisteni-odpadniho-vzduchu-z-linky-pro-predupravu\/","url":"https:\/\/wiegel.de\/cs\/ochrana-zivotniho-prostredi-a-udrzitelnost\/cisteni-odpadniho-vzduchu-z-linky-pro-predupravu\/","name":"\u010ci\u0161t\u011bn\u00ed odpadn\u00edho vzduchu z linky pro p\u0159ed\u00fapravu - WIEGEL","isPartOf":{"@id":"https:\/\/wiegel.de\/#website"},"datePublished":"2024-03-06T16:03:50+00:00","dateModified":"2025-04-23T12:08:38+00:00","description":"WIEGEL vyu\u017e\u00edv\u00e1 efektivn\u00ed syst\u00e9my na \u010di\u0161t\u011bn\u00ed odpadn\u00edho vzduchu z p\u0159ed\u00fapravn\u00ed linky \u2013 ekologick\u00e9, certifikovan\u00e9 a energeticky \u00fasporn\u00e9 \u0159e\u0161en\u00ed pro udr\u017eitelnou v\u00fdrobu.","breadcrumb":{"@id":"https:\/\/wiegel.de\/cs\/ochrana-zivotniho-prostredi-a-udrzitelnost\/cisteni-odpadniho-vzduchu-z-linky-pro-predupravu\/#breadcrumb"},"inLanguage":"cs","potentialAction":[{"@type":"ReadAction","target":["https:\/\/wiegel.de\/cs\/ochrana-zivotniho-prostredi-a-udrzitelnost\/cisteni-odpadniho-vzduchu-z-linky-pro-predupravu\/"]}]},{"@type":"BreadcrumbList","@id":"https:\/\/wiegel.de\/cs\/ochrana-zivotniho-prostredi-a-udrzitelnost\/cisteni-odpadniho-vzduchu-z-linky-pro-predupravu\/#breadcrumb","itemListElement":[{"@type":"ListItem","position":1,"name":"Start","item":"https:\/\/wiegel.de\/cs\/"},{"@type":"ListItem","position":2,"name":"Ochrana \u017eivotn\u00edho prost\u0159ed\u00ed a udr\u017eitelnost","item":"https:\/\/wiegel.de\/cs\/ochrana-zivotniho-prostredi-a-udrzitelnost\/"},{"@type":"ListItem","position":3,"name":"\u010ci\u0161t\u011bn\u00ed odpadn\u00edho vzduchu z linky pro p\u0159ed\u00fapravu"}]},{"@type":"WebSite","@id":"https:\/\/wiegel.de\/#website","url":"https:\/\/wiegel.de\/","name":"WIEGEL","description":"Feuerverzinken, Beschichten, Gittermastbau, Telekommunikation","potentialAction":[{"@type":"SearchAction","target":{"@type":"EntryPoint","urlTemplate":"https:\/\/wiegel.de\/?s={search_term_string}"},"query-input":{"@type":"PropertyValueSpecification","valueRequired":true,"valueName":"search_term_string"}}],"inLanguage":"cs"}]}},"_links":{"self":[{"href":"https:\/\/wiegel.de\/cs\/wp-json\/wp\/v2\/pages\/4655","targetHints":{"allow":["GET"]}}],"collection":[{"href":"https:\/\/wiegel.de\/cs\/wp-json\/wp\/v2\/pages"}],"about":[{"href":"https:\/\/wiegel.de\/cs\/wp-json\/wp\/v2\/types\/page"}],"author":[{"embeddable":true,"href":"https:\/\/wiegel.de\/cs\/wp-json\/wp\/v2\/users\/15"}],"replies":[{"embeddable":true,"href":"https:\/\/wiegel.de\/cs\/wp-json\/wp\/v2\/comments?post=4655"}],"version-history":[{"count":7,"href":"https:\/\/wiegel.de\/cs\/wp-json\/wp\/v2\/pages\/4655\/revisions"}],"predecessor-version":[{"id":12265,"href":"https:\/\/wiegel.de\/cs\/wp-json\/wp\/v2\/pages\/4655\/revisions\/12265"}],"up":[{"embeddable":true,"href":"https:\/\/wiegel.de\/cs\/wp-json\/wp\/v2\/pages\/4665"}],"wp:attachment":[{"href":"https:\/\/wiegel.de\/cs\/wp-json\/wp\/v2\/media?parent=4655"}],"curies":[{"name":"wp","href":"https:\/\/api.w.org\/{rel}","templated":true}]}}

Čištění odpadního vzduchu z linky pro předúpravu

<!-- This site is optimized with the Yoast SEO Premium plugin v27.4 (Yoast SEO v27.4) - https://yoast.com/product/yoast-seo-premium-wordpress/ -->
<title>Čištění odpadního vzduchu z linky pro předúpravu - WIEGEL</title>
<meta name="description" content="WIEGEL využívá efektivní systémy na čištění odpadního vzduchu z předúpravní linky – ekologické, certifikované a energeticky úsporné řešení pro udržitelnou výrobu." />
<meta name="robots" content="index, follow, max-snippet:-1, max-image-preview:large, max-video-preview:-1" />
<link rel="canonical" href="https://wiegel.de/cs/ochrana-zivotniho-prostredi-a-udrzitelnost/cisteni-odpadniho-vzduchu-z-linky-pro-predupravu/" />
<meta property="og:locale" content="cs_CZ" />
<meta property="og:type" content="article" />
<meta property="og:title" content="Čištění odpadního vzduchu z linky pro předúpravu" />
<meta property="og:description" content="WIEGEL využívá efektivní systémy na čištění odpadního vzduchu z předúpravní linky – ekologické, certifikované a energeticky úsporné řešení pro udržitelnou výrobu." />
<meta property="og:url" content="https://wiegel.de/cs/ochrana-zivotniho-prostredi-a-udrzitelnost/cisteni-odpadniho-vzduchu-z-linky-pro-predupravu/" />
<meta property="og:site_name" content="WIEGEL" />
<meta property="article:modified_time" content="2025-04-23T12:08:38+00:00" />
<meta property="og:image" content="https://wiegel.de/wp-content/uploads/2024/04/csm_wgl_Zivotniho_LinkyProPredupravu_1_c9490d37a7-150x150.png" />
<meta name="twitter:card" content="summary_large_image" />
<script type="application/ld+json" class="yoast-schema-graph">{"@context":"https:\/\/schema.org","@graph":[{"@type":"WebPage","@id":"https:\/\/wiegel.de\/cs\/ochrana-zivotniho-prostredi-a-udrzitelnost\/cisteni-odpadniho-vzduchu-z-linky-pro-predupravu\/","url":"https:\/\/wiegel.de\/cs\/ochrana-zivotniho-prostredi-a-udrzitelnost\/cisteni-odpadniho-vzduchu-z-linky-pro-predupravu\/","name":"Čištění odpadního vzduchu z linky pro předúpravu - WIEGEL","isPartOf":{"@id":"https:\/\/wiegel.de\/#website"},"datePublished":"2024-03-06T16:03:50+00:00","dateModified":"2025-04-23T12:08:38+00:00","description":"WIEGEL využívá efektivní systémy na čištění odpadního vzduchu z předúpravní linky – ekologické, certifikované a energeticky úsporné řešení pro udržitelnou výrobu.","breadcrumb":{"@id":"https:\/\/wiegel.de\/cs\/ochrana-zivotniho-prostredi-a-udrzitelnost\/cisteni-odpadniho-vzduchu-z-linky-pro-predupravu\/#breadcrumb"},"inLanguage":"cs","potentialAction":[{"@type":"ReadAction","target":["https:\/\/wiegel.de\/cs\/ochrana-zivotniho-prostredi-a-udrzitelnost\/cisteni-odpadniho-vzduchu-z-linky-pro-predupravu\/"]}]},{"@type":"BreadcrumbList","@id":"https:\/\/wiegel.de\/cs\/ochrana-zivotniho-prostredi-a-udrzitelnost\/cisteni-odpadniho-vzduchu-z-linky-pro-predupravu\/#breadcrumb","itemListElement":[{"@type":"ListItem","position":1,"name":"Start","item":"https:\/\/wiegel.de\/cs\/"},{"@type":"ListItem","position":2,"name":"Ochrana životního prostředí a udržitelnost","item":"https:\/\/wiegel.de\/cs\/ochrana-zivotniho-prostredi-a-udrzitelnost\/"},{"@type":"ListItem","position":3,"name":"Čištění odpadního vzduchu z linky pro předúpravu"}]},{"@type":"WebSite","@id":"https:\/\/wiegel.de\/#website","url":"https:\/\/wiegel.de\/","name":"WIEGEL","description":"Feuerverzinken, Beschichten, Gittermastbau, Telekommunikation","potentialAction":[{"@type":"SearchAction","target":{"@type":"EntryPoint","urlTemplate":"https:\/\/wiegel.de\/?s={search_term_string}"},"query-input":{"@type":"PropertyValueSpecification","valueRequired":true,"valueName":"search_term_string"}}],"inLanguage":"cs"}]}</script>
<!-- / Yoast SEO Premium plugin. -->

Čištění odpadního vzduchu z linky pro předúpravu - WIEGEL

WIEGEL využívá efektivní systémy na čištění odpadního vzduchu z předúpravní linky – ekologické, certifikované a energeticky úsporné řešení pro udržitelnou výrobu.

Ochrana životního prostředí a udržitelnost
